erivative of 2*v**4/3 + v**3/6 - 3*v**2/2 - 8*v + 45. Suppose 7*u = 3*u - 32. Is j(u) a prime number?
False
Suppose -6*y - 9*y - 46881 = -378291. Is y a prime number?
False
Suppose 12*t = 11*t - 5442. Let a be -7867 + 8/(-3 - -1). Let q = t - a. Is q prime?
False
Let n = 128809 - 72180. Is n composite?
False
Let q(g) = -96*g + 2199. Is q(7) a composite number?
True
Let a be (1 - 0 - (-15)/(-10))*24. Let u = -14 - a. Is 0/(5/((-5)/u)) - -254 a prime number?
False
Let w be (46 + 11)*(-2)/(-6). Let l = -65 - w. Is 3967*3*4/l*-7 prime?
True
Let o(s) = 42*s**2 - 7*s + 4. Let g be 7*((-56)/32 - 6/(-8)). Is o(g) a prime number?
True
Suppose -12 = 3*i, 3*d - 15 = -i - 130. Suppose -2*r - 2*g + 710 = 0, r - g - 356 = -3*g. Let k = r + d. Is k prime?
True
Let r(p) = p**2 + 9*p - 8. Let w be r(-10). Suppose -w*c - 4*c = -187422. Is c prime?
True
Suppose -2*o = 2*g, -1 = 3*g + 5*o - o. Suppose -5*i + 31 = g. Suppose 3*z = i*z - 2421. Is z a prime number?
False
Let f = 455 - 455. Suppose f = -17*i + 54646 - 5397. Is i a prime number?
True
Let o = 104416 - 66925. Suppose 3*i = -5*h + 86703, 2*h - o = 3*i - 124194. Is i prime?
True
Let c(p) = 770*p**2 - 1. Suppose -4*t + 32 + 84 = 0. Let v = 28 - t. Is c(v) composite?
False
Suppose -6*m + 48915 = 3*m. Suppose -15*i = -10*i - m. Is i a prime number?
True
Let x(h) = 6*h**2 - 36*h + 1331. Is x(68) a prime number?
True
Let h be ((-8)/6)/((-94)/705). Is (-39)/(7 - h)*877 a composite number?
True
Let c(k) = 614*k**2 + 25*k - 2. Suppose -9 = -3*t + 4*t + 2*g, 5*g = -4*t - 27. Is c(t) composite?
False
Suppose -25*l - 77*l = -271350 - 210192. Is l a prime number?
True
Let n be (-2019)/15*27 - (-10)/400*-32. Suppose 9364 = 5*z - 3*i + 6*i, 0 = 3*z - 3*i - 5628. Let s = z - n. Is s prime?
False
Let a = -149266 + 294387. Is a composite?
False
Let j be (4 + -6)/(2/4). Let d(x) = -x**3 - 3*x**2 + 4*x + 3. Let y be d(j). Suppose 3*r - l - 2170 = -134, -2041 = -y*r - 4*l. Is r composite?
True
Let y(u) = 6*u**3 - 378*u**2 + 96*u + 41. Is y(65) a composite number?
True
Is (26/13)/(2/7433) composite?
False
Let m(o) = -365*o - 7. Suppose 31*d = 28*d - 21. Let n(i) = 365*i + 6. Let a(j) = d*n(j) - 6*m(j). Is a(-1) composite?
True
Let z(i) = -81*i**2 - 15*i + 8. Let q be z(11). Let n = 14279 + q. Is n prime?
False
Let k = -71 + 53. Let x be (k/(-10))/(-3) + (-26)/(-10). Suppose -x*i = -3*i + 635. Is i a prime number?
False
Let s be 239343/(-171)*(-1 + -2). Suppose -2*p - s = -15*p. Is p a composite number?
True
Let c(p) = 11*p - 101. Let i be c(10). Let f(l) = 7*l**3 - 2*l**2 - 9*l + 1. Is f(i) a composite number?
False
Is 87458 + (-13)/(-3) + (-16)/(-24) a prime number?
False
Suppose 0 = 5*g + 5 + 170. Let t = 37 + g. Suppose t*n - 449 = -123. Is n prime?
True
Suppose -r = -59 + 17. Let o = r - 43. Is (93/(-3))/(o*3/9) a prime number?
False
Suppose 18*k - 26*k = 30*k - 224162. Is k a prime number?
False
Let m(h) = 210*h**2 + h - 4. Suppose -2*x = 3*x - 10. Let l be m(x). Suppose 5*u - l = 757. Is u prime?
False
Suppose -3*x + 20439 = 5*p, x = -p - 4*p + 6823. Let r = x + -3177. Is r a prime number?
True
Let x(n) = -7*n + 16 + 7*n - 19*n. Let h be x(9). Let q = -58 - h. Is q prime?
True
Let k(b) = -4*b**3 - 13*b**2 - 22*b - 19. Let y(l) = l**3. Let c(m) = k(m) + 3*y(m). Is c(-14) a composite number?
True
Let j = 956286 + -637505. Is j composite?
False
Is ((-56968)/24)/(15/(5355/(-7))) prime?
False
Suppose 360*z - 359*z - 383191 = -2*t, 383221 = z - 3*t. Is z a prime number?
False
Suppose 0 = -29*a + 36*a - 14. Suppose 4*s = -3*f + 48458, -9*s + 60561 = -4*s - a*f. Is s composite?
False
Let u(w) = 4*w + 3. Let h be u(-1). Is -1 + (1088 - (-1 - h)) composite?
False
Suppose -14 = -2*p + i, 0 = -p - 2*i - 3*i + 29. Suppose 6*j - p = 3. Suppose 0 = -2*q, 132 + 154 = j*b - q. Is b a composite number?
True
Suppose m = 5359 - 15468. Let j = 860 + -7458. Let f = j - m. Is f a composite number?
False
Let h(n) = 8*n**2 - 2*n - 15. Suppose -3*o + f = -198, -5*o + 0*o - f + 330 = 0. Suppose -5*p = o - 1. Is h(p) a prime number?
False
Let c = 373608 - 247471. Is c a composite number?
True
Suppose -2*j = 4*k - 103214, 2*j + 0*k - 103220 = -3*k. Is j a prime number?
False
Let p(m) = 150*m - 156*m - 62 + 22. Let i be p(-8). Is (6985/(-20))/((-2)/i) a composite number?
True
Let h = 602720 + -68379. Is h a prime number?
True
Is -12*(-11)/(-22) - -99109 composite?
False
Is 4 - (-5 + 6)*2758422/(-6) a prime number?
False
Is ((-728)/(-98) - 8)*544537/(-14) a prime number?
False
Let c(s) be the second derivative of 3*s**3/2 - 7*s**2/2 - 24*s + 1. Let k be c(1). Suppose 4*q = -m + 7658, 5*m - 3820 = -k*q - 0*m. Is q a prime number?
False
Let w be (6 - 2/3)*(-15)/(-4). Let b(x) = 12 + 3*x**2 - w*x - 10 + 0*x**2 - 3. Is b(12) prime?
True
Let w(g) = 13*g + 1 + 5 + 2*g - 5*g + 28*g**2 - g. Is w(7) a composite number?
True
Is (-1)/(60675601/48540508 - 5/4) a composite number?
True
Let a be -6*(-3)/9*1. Let w be 2/a - (-267)/(-1). Let p = 381 + w. Is p prime?
False
Let t be 357427/7 - 6 - 3. Suppose -27*x - t + 180031 = 0. Is x composite?
True
Let q = 142 - 139. Suppose -2*m - q*w + 644 = -819, -1468 = -2*m + 2*w. Is m prime?
True
Let p(k) = 39*k + 13841. Is p(0) composite?
False
Let n = -27 + 24. Let m(r) = -349*r - 2. Let h be m(n). Let k = 1476 - h. Is k prime?
True
Suppose -67*n + 60*n = -122101. Is n composite?
False
Suppose 4*w - 39 = -23. Is (-2 - -1366) + -2 + w + -5 composite?
False
Suppose 3*r - 79 = 47. Suppose 9 = r*s - 39*s. Suppose -444 = -15*a + s*a. Is a prime?
True
Let i be 2/(3/4 - 2302/3048). Let k = i + -32. Is (105/(-30))/(k/206 + 2) prime?
False
Let l = -96190 - -137879. Is l a composite number?
True
Let a(y) = y**3 + 25*y**2 + 16*y - 103. Let r be a(-22). Suppose 6*j - 959 = r. Is j prime?
False
Let t(x) = -x**2 + 9*x - 13. Let y be t(6). Suppose y*f - 3563 = -z + 2*f, f - 7126 = -2*z. Is z a prime number?
False
Suppose 0 = -l + 2, 3*l - 42766 = -4*g - 0*g. Suppose -g - 3653 = d. Let j = -7298 - d. Is j a prime number?
False
Let d(u) be the second derivative of 65*u**4/12 + 7*u**3/2 - 37*u**2/2 - 118*u. Is d(11) a composite number?
False
Let j(k) = 5*k**2 + 13*k + 31. Let w be -5 + (-4)/(-8)*-4. Is j(w) prime?
False
Suppose -11*n + 6*n - 40315 = 0. Let g = -4117 - n. Is g prime?
False
Let g = 300723 - 150038. Is g prime?
False
Let m(n) = -2*n**3 - 4*n**2 - 67*n + 90. Let l be m(-11). Suppose -2*f = 3*f - 24440. Let c = f - l. Is c prime?
False
Suppose -33*u + v = -32*u - 232252, 5*u + 2*v = 1161281. Is u a prime number?
False
Let s = -19 - -11. Let f(i) = -31*i**2 + 23*i**2 + 8*i + 7*i**2 + 31 + 12*i**2. Is f(s) a composite number?
True
Is 202/(-606) + 31760/6 prime?
False
Let w = -1027 + 1826. Suppose w = -6*s + 4099. Let h = -252 + s. Is h a prime number?
False
Suppose 22*s = 3*s + 16716447. Is (2/3)/(66/s) prime?
True
Let p = 26906 - -73685. Is p a composite number?
False
Let x(z) = -28*z**2 - z**3 + 9 - 5 - 9 - 99*z - 36. Is x(-28) a prime number?
True
Let g = -1839 + -117. Let v = 3317 + g. Is v composite?
False
Let t(v) = v**3 + 151*v**2 - 70*v - 548. Is t(-51) prime?
False
Let g(n) be the third derivative of -8*n**2 + 0*n + 0 + 55/6*n**4 - 11/6*n**3. Is g(4) composite?
True
Suppose -6*z - 1 = -85. Let p(v) = v**3 - 3*v**2 - 22*v + 26. Let r be p(z). Is r/4 + (-2)/(-4) a composite number?
True
Let d = 3028 + -1936. Suppose -2*c + 20*f + d = 22*f, -4*c + 2189 = 5*f. Is c a composite number?
False
Let k(b) = 131515*b - 2254. Is k(11) prime?
True
Is (-7 - 0)*((-3763824)/(-112))/(-19) a prime number?
False
Suppose n + 5*b = 1162, -2*n - b + 3430 = n. Let x = n - -15. Is x prime?
False
Let c(s) = 156*s**2 + 51*s - 671. Is c(46) prime?
False
Is 7 - (-95)/(-15) - 1624063/(-3) composite?
True
Is (((-42)/18)/((-42)/12))/((-6)/(-545499)) prime?
True
Let l(r) = -4433*r + 844. Is l(-15) a composite number?
False
Is 3/2*5/(255/34)*30731 a prime number?
False
Suppose 2*g = w + 3, -2*g = -0*g + 2*w - 12. Suppose 0 = -3*m + m - g*h + 23038, -2*m - h + 23038 = 0. Is m prime?
True
Let b(j) = 339*j + 436. Is b(34) a prime number?
False
Suppose -4*m + 27758 = -2*o, -2 = -o + 1. Suppose 61*w - 62*w + m = 0. Is w prime?
False
Let v = 2 - -16. Is ((-564)/v)/((-2)/24) - -1 prime?
False
Let o(m) = -m**3 + 21*m**2 + 8*m - 57. Let u be (-6 - (-168)/20)